 List the prime factors of t.
19, 61
Let u be 8/(-8) + 7*36 + -2. What are the prime factors of (u - -9)*(0 - 4/(-3))?
2, 43
Suppose 2*i - 64 = v - 15, 5*i - 5*v - 110 = 0. Suppose i = 13*q - 25. Suppose q*z - 1205 = -489. What are the prime factors of z?
179
List the prime factors of 52/65 - (-178712)/10 - 1.
3, 7, 23, 37
Suppose 2*x + 3 = -3*h, 3*h + 10*x = 11*x - 3. Let z(i) = -24*i - 4. Let l(m) = -m + 1. Let p(q) = 3*l(q) + z(q). What are the prime factors of p(h)?
2, 13
Let p(o) = 2*o**2 + 11*o + 20. Let v be p(-5). Let g(r) = 5*r + 5. Let i be g(v). Let x = i + -35. List the prime factors of x.
3, 5
Suppose 0 = -4*y + 4*f - 424, f + 205 = -2*y - 4*f. Let o = 674 - y. List the prime factors of o.
19, 41
Suppose -25*o - 17826 = -17*o - 14*o. What are the prime factors of o?
2971
What are the prime factors of ((-32085)/(-621))/((-2)/(-1590))?
5, 31, 53
Let x = 267 + -236. Suppose 5*p + 492 = w, 35*p - x*p = w - 496. What are the prime factors of w?
2
Suppose 0 = -b - 3*b + 4, 0 = -2*q - 4*b - 300. Let r be (-1)/((-2)/(-594)) - (3 - (-225)/(-25)). Let d = q - r. List the prime factors of d.
139
Let s be ((-14)/21)/((-1)/(-102)*4). Let q(h) = -h - 20. Let i be q(s). List the prime factors of ((-10)/i)/(3*1/135).
2, 3, 5
Let l(b) = 59*b - 108. Let t(s) = 60*s - 110. Let y(f) = 6*l(f) - 7*t(f). What are the prime factors of y(-13)?
2, 5, 7
Let h(i) = -i**3 + 7*i**2 + 6*i + 7. Suppose -j + 7 + 0 = 0. Let s be h(j). Let a = s + -12. List the prime factors of a.
37
Suppose 5*x + 303 = -v - v, 4*x - 592 = 4*v. Let t(h) = -67*h + 29. Let i be t(-4). Let o = v + i. What are the prime factors of o?
2, 37
Let z = -9064 - -19662. What are the prime factors of z/16 - 81/216?
2, 331
Let x(j) = -j**3 - 64*j**2 + 50*j - 437. List the prime factors of x(-75).
2, 7211
Let x(i) = -i**3 + 38*i**2 + 19*i - 8. Suppose 3*m - 6*j = -7*j + 110, 2*m - 92 = 4*j. What are the prime factors of x(m)?
2, 3, 7, 17
Let l(a) = -6*a - 8. Let x be l(-4). Suppose 0 = -x*h + 25*h - 5616. List the prime factors of h.
2, 3, 13
Let a = 201 - -496. Suppose a + 995 = 4*f. List the prime factors of f.
3, 47
Let b be 407/22 + 1/(-2). Let l be 3 - 6/b - (-2)/6. Suppose l*a + 1050 = 17*a. What are the prime factors of a?
3, 5
Let b(u) = -2*u**2 - 16*u - 25. Let c be b(11). Let o = c + 2048. What are the prime factors of o?
3, 5, 107
Let l(m) = 5*m**2 - 2*m + 5. Let q be l(6). Let b be 688/(-6) - 96/72. Let z = b + q. List the prime factors of z.
3, 19
Suppose -3*c - h + 23 = h, -2*c - 3*h + 22 = 0. Suppose r + 4*i - 120 = -i, c*i - 310 = -3*r. List the prime factors of 12027/r + (-2)/(-5).
127
Suppose 24*p + 15*p = 195. What are the prime factors of ((-2)/p + (-144)/40)*-315?
2, 3, 5, 7
Suppose -1621 = -s + 4*u + 1591, 2*u + 8 = 0. What are the prime factors of s?
2, 17, 47
Let i(p) = p**2 - 3*p + 13. Let k be i(-6). Let n = -91 + k. What are the prime factors of 2/(-4) - 4452/n?
5, 37
Suppose 0 = 5*t - 6*z + 5*z - 14, 0 = -2*t - z + 7. Let y(m) = 165*m + 45. List the prime factors of y(t).
2, 3, 5
Suppose -h = 2*u - 33444, -3*h - 5*u = -59616 - 40722. List the prime factors of h.
2, 3, 17, 41
Suppose 3*o - 193 = -55. Suppose -5*d = 184 + o. Let h = d + 81. What are the prime factors of h?
5, 7
Suppose -2044 = -t + 1934. List the prime factors of t.
2, 3, 13, 17
Let i(h) = h**3 + 10*h**2 - 12*h - 6. Let d be i(-11). Suppose 0 = -d*s + 3*s + 74. Suppose 5*w = -s + 212. List the prime factors of w.
5, 7
Let d be (-1)/((-1)/(-6))*12/(-36). Let m be (84 + -1)/(d*(-2)/(-8)). Let a = m + -33. What are the prime factors of a?
7, 19
Let k be 168/30 - (3 - (-34)/(-10)). List the prime factors of (k + (-594)/(-42))*21.
3, 47
Suppose 9680 = 4*t - 19*i + 20*i, -t + 2403 = -4*i. What are the prime factors of t?
41, 59
Let c = -5051 + 11484. What are the prime factors of c?
7, 919
Let o(n) be the first derivative of 11*n**3/3 - 10*n**2 - 5*n + 66. What are the prime factors of o(6)?
271
Let r be -1*57/9*3. Let k = r - 4. List the prime factors of (-1)/(4/(-14)) - k/(-46).
3
Let n = 31 - 29. Let o be -3 + n - (16 + -11). Let v(x) = -22*x + 26. What are the prime factors of v(o)?
2, 79
Let b = 10070 + -3030. List the prime factors of b.
2, 5, 11
Let b(q) = 3 + 3*q + 6*q - 47. Suppose 2*v + 0*v - 125 = -5*h, v + 41 = 2*h. List the prime factors of b(h).
163
List the prime factors of (-2513196)/(-105) + -3 - 2/10.
2, 31, 193
What are the prime factors of 45163 + 1 + (3 - -32) + -43?
2, 3, 53, 71
Let x = -645 - -5463. List the prime factors of x.
2, 3, 11, 73
Let m(x) = x**3 - 4*x**2 - 12*x + 50. Let p be m(5). Let i = 10 - 7. Suppose p = -i*h, -3*v + 6*v - 5*h - 259 = 0. List the prime factors of v.
2, 3, 13
Suppose -h - 4*m = -26388, -4*h + 1753*m = 1749*m - 105452. List the prime factors of h.
2, 103
Suppose 54*w - 5*g = 49*w + 375130, 2*w - 4*g - 150056 = 0. What are the prime factors of w?
2, 3, 521
Let m be 8/3*189/28. Suppose 3*c = 5*w + m, c - w - 3 - 1 = 0. What are the prime factors of (32/(-12) - c)*-9?
3, 11
Suppose 27 = -4*s + 3*u, s + 3*s + 3*u - 3 = 0. Let p be (-2)/(-3) + (-808)/s. List the prime factors of (p/4)/(-7 + 45/6).
3, 5
Let h = 6 + 71. Suppose -3*r + h = -5*l, r + 5*l + 48 = 3*r. Let z = r + 30. What are the prime factors of z?
59
Suppose -2*n + 70 = -5*i, -n + 40 - 5 = 3*i. Suppose -3*o - 49 = -5*z, 4*z - n = 2*o - o. Suppose -6*r = -z*r + 248. List the prime factors of r.
2, 31
Let m = -159 - -198. Suppose 0 = 2*q - 645 - m. List the prime factors of q.
2, 3, 19
Let b = -5241 - -11594. List the prime factors of b.
6353
Suppose 2*t = a - 22, t - 3*t = 2. Suppose -16 = -4*i - 4*q + 8, 0 = 5*q - a. Suppose 4 = i*z, g + 2*z - 238 = -g. What are the prime factors of g?
3, 13
Let d = -160 - -164. Suppose -r = r - 5*b - 71, d*r = -4*b + 100. What are the prime factors of r?
2, 7
List the prime factors of 18/(-4) - (-144540)/360.
397
Suppose 9156 = 2*d - 3076. What are the prime factors of d?
2, 11, 139
Suppose -60468*o + 60487*o - 1345751 = 0. What are the prime factors of o?
11, 47, 137
Let o = -71 + 40. Let l = -13 - o. Suppose 4*p - f = 226, -77 + l = -p - f. List the prime factors of p.
3, 19
Let h(m) be the second derivative of -m**4/12 - 2*m**3/3 + 48*m. Let t be h(-2). What are the prime factors of t/(16/(-12)) - -19?
2
Suppose 0 = -3*h + 7*h - 8. Let c(u) = h*u - 7*u - 12*u + 229 + 2*u**2 - 219. What are the prime factors of c(9)?
19
Suppose 24*n - 470324 = 363340. List the prime factors of n.
2, 13, 167
Suppose -4*h + 19*h = 225. Suppose -h + 7 = -t. Suppose t*l - 22 - 226 = 0. List the prime factors of l.
31
Let x = 70561 + -49183. List the prime factors of x.
2, 3, 7, 509
Suppose 0 = 496*d - 96*d + 1147760 - 3233760. What are the prime factors of d?
5, 7, 149
Suppose -n - 2*r + r + 1 = 0, -2*n = 3*r. Let p(g) = -n*g + 3 - 9*g + 15*g. List the prime factors of p(6).
3, 7
Let q(s) = 82*s. Let b be q(2). Suppose -b - 664 = -6*j. What are the prime factors of j?
2, 3, 23
What are the prime factors of 1*13282/(-4)*(13 + -13 - 2)?
29, 229
Suppose 0 = 3*j - w + 848, -j = 2*w + 2*w + 287. Let z = j - -62. Let y = 317 + z. What are the prime factors of y?
2, 3
Suppose 0 = -9*k + 9304 + 34321 + 44035. List the prime factors of k.
2, 5, 487
Let n(c) = -19*c + 36. Let o be n(-10). Suppose 5*l + 5*p + o = 1166, 4*p + 4 = 0. List the prime factors of l.
3, 7
Let p = 5258 + -3033. What are the prime factors of p?
5, 89
Let u(l) = l**3 + 7*l**2 - 3*l - 9. Let z be u(-7). Suppose z*j + 147 = 19*j. What are the prime factors of 58*(j/6 - 1)?
5, 29
Let s(u) = u**3 - 20*u**2 + 41*u - 31. Suppose 19 = -4*g + 91. What are the prime factors of s(g)?
59
Suppose -1049357 - 1245420 = -120*y - 522857. List the prime factors of y.
2, 3, 23, 107
Let c = 34 - 74. Let f = 4 + c. What are the prime factors of (-90)/f - 314/(-4)?
3
Let y(d) = 2*d**2 - 20*d - 49. List the prime factors of y(75).
89, 109
Let o(c) = 63*c - 97. Let f be o(16). Let w = f + -436. What are the prime factors of w?
5, 19
Let b = 597 + -563. Let y = 187 - b. List the prime factors of y.
3, 17
What are the prime factors of ((-705545)/45 + 4/(-18))/((-283)/566)?
2, 15679
Let a = 3317 - -1391. What are the prime factors of a?
2, 11, 107
Let k(g) = -g**3 - 5*g**2 + 4*g + 29. Let v be k(-5). Suppose 2*c + 934 = 4*w, -v*w + 6*w + 70